 -19*q - 12 - 8 + 22*q + 20. Give m(6).
18
Let z(u) = u**3 + 17*u**2 - u - 15. Let y(w) = 2*w**3 + 42*w**2 + 42*w + 23. Let g be y(-20). Give z(g).
2
Let k(x) = -66*x + 4*x**2 + 89*x + 4 - 28*x. What is k(3)?
25
Let b(j) = -2*j + 1. Let u(y) = -y + 2. Let v be u(2). Suppose -5*p = -v*p + 30. What is b(p)?
13
Let r(s) = s + 3 + 5 + 15*s**2 - s**2 - 11 + 2. Let q(g) = g + 7. Let a be q(-6). Give r(a).
14
Let g(x) = 2*x**2 + 7*x + 10. Suppose 0 - 15 = 5*u. Let v be g(u). Let s(p) = p**3 - 6*p**2 - 7*p - 3. What is s(v)?
-3
Suppose 4*w = 5 + 11. Suppose 0*f + f = w*m + 3, -3*f + 18 = -3*m. Suppose 2*z = f*z. Let r(l) = -l**2 + l + 4. What is r(z)?
4
Let m(n) = -5*n**3 - 6*n**2 - 12*n + 2. Let j(o) = o**3 + 2*o. Let y(d) = -4*j(d) - m(d). Give y(-5).
3
Let v(r) = -r**3 + 5*r**2 - 2*r - 5. Suppose 100 = 5*h - 5*f, -2*h = 2*h - f - 92. Suppose -h*u = -22*u - 10. Determine v(u).
-15
Let y be (-36)/(-15)*2*15/(-9). Let u(b) = b**2 + 8*b + 9. Give u(y).
9
Suppose 24 = -24*n + 22*n. Let i(t) = t**2 + 10*t - 16. Calculate i(n).
8
Let j(u) = u**2 + 7*u + 9. Let d be j(-6). Let i(x) = d - x**2 + 2 - x - 2 + 4. Determine i(-6).
-23
Let z(a) be the first derivative of a**3/3 + 4*a**2 + 2*a + 433. Let l = -20 - -13. Calculate z(l).
-5
Suppose m = -3*p + 19, -5 = -m - 0*m + 4*p. Let s(v) = v**2 - 14*v - 17. What is s(m)?
-30
Let q(m) = -m**2 - 4*m + 3. Let p be q(-4). Let y(s) = s. Let i(h) = h - 1. Let v(r) = -2*i(r) - y(r). Give v(p).
-7
Let z be (-325)/26 - (-2)/4. Let b be (-4 - 44/z)*-9. Let y(c) = -2*c - 4 + 6 - b + 2*c**2 + 4. Give y(2).
7
Let l(s) = 2*s + s - s - s**2 - 2 + s + 2*s. Determine l(7).
-16
Let w(c) = c**3 + 10*c**2 - 4. Let k(a) = -5*a**2 + 3*a + 4. Let t be k(2). Give w(t).
-4
Let w(x) be the third derivative of x**7/2520 - x**6/144 + x**5/60 + 7*x**4/24 - 27*x**2. Let p(r) be the second derivative of w(r). What is p(6)?
8
Let g(b) be the first derivative of -1/2*b**2 - 11*b + 11. Determine g(-7).
-4
Let n = 811 + -815. Let a(t) = -t**2 - 9*t - 16. Give a(n).
4
Let u(g) = g**3 + 5*g**2 + 4*g + 1. Suppose -32 = j - 4*y, 0*y = -4*j + 2*y - 58. Let f = -13 - j. Let r be f/(4/48*4). Determine u(r).
7
Let o(s) be the third derivative of -s**5/60 + s**4/8 + 19*s**3/6 - 183*s**2. Calculate o(6).
1
Let b(r) = r**3 + 7*r**2 - 7*r + 11. Suppose -6*g + 15 = -3*g. Suppose -g*i - 2*i = 56. Calculate b(i).
3
Let t(q) = -2*q**2 + 59*q - 124. Let y be t(27). Let s(n) = -3*n - 5. Calculate s(y).
-38
Suppose -37*i + 10 - 10 = 0. Let q(v) be the second derivative of 1/2*v**3 + 1/6*v**4 - v**2 + i - 5*v. Determine q(2).
12
Let w be (3 + 1)*8/32. Let m(i) = -7*i + w - 2*i + 0*i - i. Give m(-1).
11
Let c = -33 + 15. Let s = 22 + c. Suppose -6 = m - s*m. Let v(o) = o**3 + o**2 - 4*o + 3. Determine v(m).
7
Let d(p) = 3*p - 15. Let j be d(6). Suppose -12 = -3*i - f, -5*i + 4*f = -0 - j. Let l(w) = 1 - w + 5 - 2*w**2 - i - w**3 - 2. What is l(-2)?
3
Let v(g) = -3*g**2 - 2*g. Suppose 0 = -0*c + 5*c + w + 17, c - 1 = 2*w. What is v(c)?
-21
Suppose 2*q + 8 = 2*g + 2*g, 5*q = 4*g - 2. Let x = 5 - 3. Let l(s) = 0*s**3 + s**3 - s - 2*s**2 + 1 - x*s. Calculate l(g).
1
Let w(q) = -6*q**2 + 14*q + 9. Let f(i) = 2*i**2 - 3*i - 2. Let u(d) = 5*f(d) + w(d). Give u(-1).
4
Suppose -2*c - 10 = -u + c, 5 = 3*u - 4*c. Let r(w) = 2*w**2 - 10*w + 4. Let z(d) = d**2 - 9*d + 2. Let l(m) = -2*r(m) + 3*z(m). What is l(u)?
8
Let y(c) = -9*c + 1. Let l = 10 - 11. Let i be (l + 2)/(11/88). Suppose -i = -7*q - q. Calculate y(q).
-8
Let h = 64 + 2. Let r = 60 - h. Let i(y) = y**2 + 5*y + 1. What is i(r)?
7
Suppose 0 = 200*g - 194*g. Let q(t) = t**3 + 6*t**2 - 2*t - 8. Let o be q(-6). Let j = o + g. Let b(z) = z**3 - 4*z**2 - z + 2. Determine b(j).
-2
Let m(b) = 2*b**2 - 6*b - 17. Let u be m(5). Let o(d) = d**2. Let h be o(-2). Let v(f) = -5*f + 3 - h - 1. Give v(u).
-17
Let j(a) = a**2 + 7. Suppose 3*p - p = -4*i + 38, -4*p = -2*i - 26. Suppose 0 = -p*w + 8*w. Determine j(w).
7
Let r(b) = b**3 - 31*b**2 + 4 + 58*b**2 - 19*b**2 + b. Determine r(-8).
-4
Let s(n) be the third derivative of 2*n**2 + 1/6*n**3 - 1/24*n**4 + 1/360*n**6 - 1/30*n**5 + 0 + 0*n. Let c(j) be the first derivative of s(j). Calculate c(5).
4
Let p(c) = -c**3 + 3*c**2 - 3*c + 2. Let g(t) = t**2 + 12*t - 2. Let h be g(-7). Let b = h + 39. Give p(b).
0
Let r(c) be the second derivative of -c**6/240 + c**5/40 + 17*c**4/12 - 17*c. Let a(j) be the third derivative of r(j). Determine a(2).
-3
Let h(g) be the second derivative of 5*g**3/6 - 214*g. Let w(s) = s**2 - 7*s + 2. Let o be w(6). Let c be (0 + (-2)/o)*-2. What is h(c)?
-5
Let i be 7 - 10 - 14/(-4). Let k(f) be the first derivative of 4 + i*f**2 + 11/4*f**4 + 1/3*f**3 + f. Give k(-1).
-10
Let m(h) = -79 - 82 + 230 + 6*h**2 + 7*h + h**3 + 3*h**2 - 71. Calculate m(-8).
6
Suppose -3*i - 15 = -3*g, -3*g = -0*g. Let f(q) = 2*q**3 + 10*q**2 - 2*q. Calculate f(i).
10
Let j = 104 - 113. Let h(u) = u**3 + 8*u**2 - 12*u - 30. Determine h(j).
-3
Let k be (5 - 0) + -3 + 18. Suppose -3*b = -i - 38, -2*b = -4*b - 2*i + 28. Let n = k - b. Let p(s) = s**3 - 7*s**2 - 2*s + 10. Calculate p(n).
-4
Let a = -7 + 2. Let l(v) be the third derivative of -v**5/30 - v**4/3 - 5*v**3/6 - 26*v**2. Give l(a).
-15
Let q(f) = -10*f**3 + f. Suppose -4*v + y + 1 = 0, -9 + 2 = 5*v - 4*y. Give q(v).
-9
Suppose 0 = 6*l - 4 - 8. Let y(r) = -7*r**2 + r**3 + 3*r - l*r**2 + 3*r**2. Give y(3).
-18
Let w(l) = 9*l**3 - 8*l**2 - 2. Let k(t) = 7*t**3 - 8*t**2 - 2. Let x(o) = -4*k(o) + 3*w(o). Calculate x(8).
2
Let p(o) be the first derivative of 3 + 4*o + 4*o**2 + 1/3*o**3. Determine p(-8).
4
Let z = -28 - -31. Let p(r) = -r**3 - 5*r**2 + 6 - 14*r + 6*r - z*r**2. Determine p(-6).
-18
Let n(b) = b**2 + 5*b + 4. Let d be (1 - 2)/((-2)/(-4)). Let l be d/8 - 10/(-8). Let x be (l + 1)/((-8)/12). Give n(x).
-2
Suppose -i + 2*r = -146 + 23, -4*i = -4*r - 476. Let g = 124 - i. Let z(y) = y - 11. What is z(g)?
-2
Let c = -12 + 9. Let x(b) = -b**2 + 1. Let v(a) = -2*a**2 - a + 2. Let y(o) = -v(o) + 3*x(o). What is y(c)?
-11
Let v = -306 + 302. Let j(m) = 2*m + 3. Determine j(v).
-5
Let b(l) be the second derivative of -9*l - 1/2*l**2 + 0 - 1/12*l**4 + 1/6*l**3. Let p = -2 - -4. What is b(p)?
-3
Let v(n) be the third derivative of -n**5/40 + n**4/8 + 2*n**3/3 - 8*n**2. Let y(f) be the first derivative of v(f). What is y(3)?
-6
Suppose 0 = 35*a - 22*a - 13. Let f(g) = -5*g**3 + g**2 - 5*g + 5. Determine f(a).
-4
Let z(u) = -u**2 - 31*u - 24. Let p be z(-30). Let f(b) = 5*b**2 + 7*b - 3. Let h(j) = -6*j**2 - 7*j + 2. Let a(g) = -7*f(g) - 6*h(g). Calculate a(p).
3
Let n(h) = -2*h + 18. Let v be 9/24 + (-305)/(-40). Let y be n(v). Let g(j) = j + 1. Give g(y).
3
Let a(y) be the second derivative of -1/12*y**4 + 3/2*y**2 + 28*y + 0 - 7/6*y**3. Calculate a(-6).
9
Let b(w) be the second derivative of 0 + 34*w + 1/2*w**2 - 1/6*w**3. Calculate b(-5).
6
Let c(l) = -4*l**2 - l + 2. Let q(u) = 4*u**2 + 2*u - 2. Let b(a) = 2*c(a) + 3*q(a). Calculate b(-2).
6
Let f(b) be the third derivative of b**6/360 - b**5/40 - 8*b**3 - 48*b**2. Let j(c) be the first derivative of f(c). What is j(4)?
4
Let t(q) = -q + 9. Suppose 0*o - 5*i = -o + 31, -4*o + 9 = 3*i. What is t(o)?
3
Let q be 3/3 + -51 + 0. Let l = q + 45. Let j(r) = -r**3 - 6*r**2 - 4*r + 2. What is j(l)?
-3
Let l(s) = s - 5. Suppose 0 = -4*q + 2 + 26. Let b(d) = -d**2 + 5*d + 13. Let z be b(8). Let p = q + z. Calculate l(p).
-9
Suppose -54*u - 600 = 21*u. Let w(r) = r**2 + 10*r + 4. Calculate w(u).
-12
Let x(k) = 0 + 4*k - 1 - 3*k - 2*k. Let b = 5 - 11. Let p = 3 + b. What is x(p)?
2
Let k(a) = 6*a**3 - 8*a**2 + a - 4. Let q(x) = x**3 + 2*x**2 - x + 1. Let b(w) = -k(w) - 3*q(w). What is b(-1)?
10
Let v(i) be the first derivative of -3*i**2 + 1/3*i**3 - 3*i - 2. Calculate v(6).
-3
Let z(d) = -8*d**2 - 9*d + 14. Let v(q) = -15*q**2 - 19*q + 25. Let h(g) = 6*v(g) - 11*z(g). Determine h(-7).
3
Let f be -3 - (3/((-9)/6) - 3). Suppose 5*v - 29 = -2*w + f*v, 2*w - 39 = -5*v. Let u(g) = -g**2 + 7*g + 6. Give u(w).
6
Let h(m) = 303 + m**2 - 3*m + 0*m**2 + 7*m - 304. What is h(-2)?
-5
Suppose l + 15 = -t, -t + 0*l - 40 = -4*l. Let o = t - -25. Let c(n) = 5*n**2 - 2*n**2 + 12*n - o*n - 5 - 4*n**2. Determine c(4).
7
Let s(w) = -4*w + 21. Let n(k) = k**3 + 5*k**2 + 15*k + 33. Let o be n(-3). Give s(